911
What are the prime factors of 4210341124?
2, 11, 95689571
What are the prime factors of 40365137?
1129, 35753
List the prime factors of 2996414243.
139, 21556937
List the prime factors of 203729759.
131, 1555189
List the prime factors of 406160712.
2, 3, 5641121
List the prime factors of 282684843.
3, 7, 1495687
What are the prime factors of 204073343?
204073343
List the prime factors of 380382605.
5, 103, 677, 1091
List the prime factors of 6288534402.
2, 3, 10601, 98867
What are the prime factors of 25675925?
5, 11, 73, 1279
List the prime factors of 40739168.
2, 1273099
What are the prime factors of 3481349059?
137, 25411307
What are the prime factors of 13759160?
2, 5, 61, 5639
What are the prime factors of 206551196?
2, 557, 92707
List the prime factors of 3469806226.
2, 53, 2237, 14633
What are the prime factors of 36426020?
2, 5, 23, 79187
What are the prime factors of 17842481?
1783, 10007
List the prime factors of 2317419835.
5, 19, 41, 47, 12659
What are the prime factors of 156598133?
19, 8242007
List the prime factors of 402034109.
18199, 22091
What are the prime factors of 262008959?
269, 811, 1201
What are the prime factors of 24913781?
4019, 6199
List the prime factors of 19154199.
3, 151, 42283
What are the prime factors of 890255109?
3, 617, 480959
List the prime factors of 335268851.
19, 17645729
List the prime factors of 32397114.
2, 3, 1069, 5051
List the prime factors of 62666092.
2, 15666523
What are the prime factors of 270421041?
3, 11, 103, 79559
What are the prime factors of 985255434?
2, 3, 17, 1073263
List the prime factors of 3569074606.
2, 293, 6090571
What are the prime factors of 444565829?
41, 10843069
What are the prime factors of 1207997640?
2, 3, 5, 61, 55009
What are the prime factors of 65574384?
2, 3, 619, 2207
What are the prime factors of 241999014?
2, 3, 4091, 9859
What are the prime factors of 1305102059?
491, 2658049
What are the prime factors of 684357723?
3, 7, 10862821
List the prime factors of 102760325.
5, 17, 43, 5623
List the prime factors of 52189705.
5, 29, 359929
List the prime factors of 6690288.
2, 3, 11, 12671
What are the prime factors of 1960321172?
2, 490080293
List the prime factors of 788638863.
3, 262879621
List the prime factors of 2427659194.
2, 17, 29, 59, 1439
List the prime factors of 118766039.
7, 47, 467, 773
What are the prime factors of 337352369?
17, 2239, 8863
List the prime factors of 106526827.
11, 683, 1289
List the prime factors of 1788478405.
5, 7, 51099383
What are the prime factors of 4537590233?
11, 167, 2470109
List the prime factors of 1783744923.
3, 594581641
List the prime factors of 284357343.
3, 71, 97, 13763
What are the prime factors of 37751234?
2, 23, 820679
List the prime factors of 496196747.
127, 3907061
What are the prime factors of 10495004?
2, 13, 201827
List the prime factors of 4009905928.
2, 7, 23, 3113281
What are the prime factors of 139615345?
5, 27923069
List the prime factors of 26420699.
127, 208037
List the prime factors of 31052559.
3, 157, 65929
List the prime factors of 570126412.
2, 3049, 46747
List the prime factors of 2041890390.
2, 3, 5, 7562557
List the prime factors of 628162013.
577, 1088669
List the prime factors of 122392296.
2, 3, 13, 29, 167
List the prime factors of 32764324.
2, 1979, 4139
List the prime factors of 235152662.
2, 271, 433861
What are the prime factors of 43770758?
2, 677, 32327
List the prime factors of 452532538.
2, 19, 613, 19427
List the prime factors of 452844239.
907, 499277
What are the prime factors of 4490685001?
11, 433, 942827
What are the prime factors of 800192385?
3, 5, 5927351
List the prime factors of 276644414.
2, 23, 6014009
List the prime factors of 78875363.
7, 271, 41579
What are the prime factors of 142047865?
5, 47, 293, 2063
List the prime factors of 330683502.
2, 3, 43, 139, 9221
What are the prime factors of 23826386?
2, 43, 277051
What are the prime factors of 12618001?
11, 104281
List the prime factors of 492629963.
7, 739, 95231
What are the prime factors of 937590938?
2, 29, 16165361
List the prime factors of 6185466.
2, 3, 7, 7013
What are the prime factors of 74631946?
2, 103, 362291
What are the prime factors of 28100183?
19, 1478957
What are the prime factors of 1125763459?
8933, 126023
List the prime factors of 111619196.
2, 13, 2146523
What are the prime factors of 1017385510?
2, 5, 199, 461, 1109
What are the prime factors of 11613236?
2, 113, 25693
List the prime factors of 1194997592.
2, 17, 71, 123757
List the prime factors of 175667171.
17, 1433, 7211
What are the prime factors of 1451165605?
5, 277, 1047773
List the prime factors of 17892643.
23, 499, 1559
What are the prime factors of 491681095?
5, 1721, 57139
List the prime factors of 260662956.
2, 3, 23, 944431
List the prime factors of 37539252.
2, 3, 239, 4363
What are the prime factors of 3869992?
2, 7, 29, 2383
List the prime factors of 130184180.
2, 5, 7, 71, 1871
What are the prime factors of 4300092?
2, 3, 119447
List the prime factors of 51296138.
2, 67, 382807
What are the prime factors of 79339224?
2, 3, 227, 14563
What are the prime factors of 19113600?
2, 3, 5, 11, 181
List the prime factors of 847865006.
2, 19, 787, 28351
List the prime factors of 187496322.
2, 3, 13, 23, 104513
What are the prime factors of 58537448?
2, 43, 170167
What are the prime factors of 603034960?
2, 5, 11, 62297
What are the prime factors of 6541644868?
2, 11, 43, 359, 9631
List the prime factors of 20203702.
2, 37, 47, 157
What are the prime factors of 290139723?
3, 32237747
List the prime factors of 310752959.
11, 31, 43, 21193
List the prime factors of 14888258.
2, 7, 11, 1973
List the prime factors of 41733523.
13, 23, 29, 4813
List the prime factors of 107002827.
3, 11889203
What are the prime factors of 80634654?
2, 3, 619, 7237
What are the prime factors of 618022344?
2, 3, 137, 187963
What are the prime factors of 96166106?
2, 19, 59, 727
List the prime factors of 33392018.
2, 11, 1517819
What are the prime factors of 2175210336?
2, 3, 13, 101, 17257
List the prime factors of 56940053.
56940053
List the prime factors of 79944061.
79944061
What are the prime factors of 28379997?
3, 151, 6961
List the prime factors of 322900794.
2, 3, 17938933
What are the prime factors of 2340289527?
3, 19, 673, 61007
List the prime factors of 53285944.
2, 43, 191, 811
List the prime factors of 1164204666.
2, 3, 64678037
What are the prime factors of 38940453?
3, 673, 2143
What are the prime factors of 34139100?
2, 3, 5, 113797
List the prime factors of 646730565.
3, 5, 13, 59, 67, 839
List the prime factors of 3773919054.
2, 3, 97, 6484397
What are the prime factors of 315327034?
2, 11, 29, 59, 8377
What are the prime factors of 52772816?
2, 293, 11257
List the prime factors of 89519266.
2, 23, 227, 8573
What are the prime factors of 1675544305?
5, 3761, 89101
List the prime factors of 163036885.
5, 11, 17, 127, 1373
What are the prime factors of 226726567?
1901, 119267
List the prime factors of 41698609.
23, 1812983
What are the prime factors of 435934146?
2, 3, 233, 311827
List the prime factors of 1546511902.
2, 13, 251, 18229
What are the prime factors of 134516663?
167, 607, 1327
List the prime factors of 1956446367.
3, 6211, 104999
What are the prime factors of 27878015?
5, 11, 506873
List the prime factors of 124301770.
2, 5, 1051, 11827
List the prime factors of 40459977.
3, 4495553
What are the prime factors of 36082761?
3, 11, 13, 241, 349
What are the prime factors of 185028987?
3, 11, 13, 31, 13913
What are the prime factors of 1971807941?
1971807941
What are the prime factors of 197965431?
3, 479, 15307
List the prime factors of 290658807.
3, 10765141
List the prime factors of 5335321609.
5335321609
What are the prime factors of 1912878325?
5, 239, 389, 823
List the prime factors of 861558828.
2, 3, 13, 59, 93607
What are the prime factors of 38028632?
2, 89, 53411
What are the prime factors of 530948291?
530948291
What are the prime factors of 2940839321?
7, 101, 461, 1289
What are the prime factors of 3298997004?
2, 3, 863, 318559
What are the prime factors of 51258071?
353, 145207
List the prime factors of 174885265.
5, 241, 145133
What are the prime factors of 2685357158?
2, 11, 5501, 22189
What are the prime